 + w - 39, 3*h + 33 = -h - w. Is (-2 - (4 + h - -3)) + 5328 a composite number?
True
Let c(y) = 111*y**3 + 20*y**2 - 26*y - 34. Is c(7) a composite number?
True
Suppose -k = -a - 41012, k + 4*a - 51260 = -10253. Is k a prime number?
True
Let q(t) be the third derivative of 7*t**5/60 - 17*t**4/12 - 5*t**3/3 + 184*t**2. Is q(-6) composite?
True
Let r(x) = -36*x**3 - 19*x**2 + 3*x + 6. Let o be r(-7). Suppose -5811 = -y + o. Is y composite?
True
Let q(o) = -952*o**3 + o + 1. Let y be q(-1). Let p = y - 561. Suppose 3*n - 6*n = -2*x - p, -n + 135 = 4*x. Is n composite?
False
Suppose 3178975 = 3*k + 5*s, k - 746505 = 4*s + 313176. Is k a composite number?
True
Suppose -3*w = 4*o + 132, -2*o - o - 183 = 4*w. Let k be (-3384)/w*(-296)/(-6). Suppose 4*z + k = 4*r + z, 3*r = -3*z + 2619. Is r a prime number?
False
Let y = 29 + 199. Is (-538576)/(-19) - 24/y - 3 a composite number?
True
Let v = -3195 - -11458. Is v a prime number?
True
Is ((-225)/375)/(1/5) - -63742 a prime number?
False
Let n = 342030 + -105743. Is n prime?
True
Let c = -1665 - 515. Let t be ((-7)/(-1))/((-10)/c). Suppose 0 = 4*a - 5*q - t, -2*q = 3 + 1. Is a a composite number?
False
Let s(a) = -a**2 - 275*a + 22531. Is s(0) a composite number?
False
Let n(m) = -150*m + 6313. Is n(0) prime?
False
Let q(c) = -122*c + 293. Let i be q(-8). Let h = -500 + i. Is h a composite number?
False
Suppose 5*s + 56 = 3*d + 18, 0 = -5*s - 20. Let b(h) = 5*h**3 - 4*h**2 + 4*h - 1. Is b(d) a prime number?
False
Let c(n) = -32*n**3 - 13*n**2 + 2*n - 265. Is c(-12) prime?
False
Suppose 0 = 5*c - 13 - 12. Suppose -2*m = -4*m - 5*b - 10, 0 = c*m + 5*b - 5. Suppose 0 = 3*v - m*h - 230, h + 46 + 34 = v. Is v a prime number?
False
Let t(h) = 72*h**2 + 3*h - 164. Suppose 83*q - 90 = 89*q. Is t(q) composite?
False
Let z = 44 + -40. Suppose 0 = -2*j + j - z. Let a(p) = -99*p + 13. Is a(j) a composite number?
False
Let p(n) = n**3 - 5*n**2 + 12*n - 2. Let f = 42 - 44. Let s be 3 + f*(-9)/6. Is p(s) a composite number?
True
Let i(c) = -7628*c + 111. Is i(-106) prime?
True
Let w be ((-2)/2)/(11/(-22)). Suppose -w*m - 16233 = -5*k, -4*k + 9802 = 2*m - 3188. Is k composite?
True
Let l = -201 + 203. Suppose 0 = -3*d + 7 - 16, 0 = 3*b + l*d - 4047. Is b a composite number?
True
Suppose -7774 + 187189 = 9*d. Suppose -5*j - x = -18446 - 1504, 5*j = 2*x + d. Is j a prime number?
True
Let z = -10363 + 27836. Is z composite?
True
Let w(j) = 29*j**2 - 331*j + 3773. Is w(11) composite?
True
Let i(l) = 2*l**3 - 38*l**2 + 51*l - 41. Let g be i(27). Suppose 0 = 7*w - g - 42307. Is w a prime number?
True
Suppose 107*m = 117*m - 136820. Suppose 0 = -3*r + 3*z + 13692, -3*r + z + m = -0*z. Is r composite?
True
Is 66 + -55 + 742047 + -1 a prime number?
True
Let y = 8618 + 11993. Is y composite?
False
Let f(j) = -162*j**3 - 61*j**2 + 2*j - 13. Is f(-10) prime?
False
Let w = 984262 - 140761. Is w prime?
False
Let c = 499 + -152. Let r = c - -122. Is r a prime number?
False
Is (32434/6 + -2)*12 - (-332 + 339) prime?
False
Suppose 0 = 3*u - 3, -2*i + 59*u - 55*u + 35806 = 0. Is i a prime number?
False
Suppose 0 = 2*o - 2*y - 545826, 440*o = 441*o - 4*y - 272919. Is o a prime number?
True
Suppose 2*d = 4*p + 48518, -p + 2*d - 12607 = -476. Let z = p + 21022. Is z a prime number?
True
Let p be ((-134)/(-201))/((-4)/(-954)). Suppose -153*h - 57102 = -p*h. Is h composite?
True
Let y(n) = -35*n**2 + 6186*n - 374. Is y(171) a prime number?
True
Suppose a - 1094252 = 5*g, 59*a - 62*a + 3282699 = 4*g. Is a composite?
False
Let u(q) = q**3 - 24*q**2 + 30*q - 45. Let t be u(21). Let g = 1555 - t. Is g a composite number?
False
Let s be (-6 - -9)*-1*2897. Let i = s - -15722. Is i composite?
True
Let i = -23810 + 41364. Is 2*(16/24 - i/(-12)) a composite number?
False
Suppose 0 = -0*h + 3*h - 444. Let k be 3 - 10*1*h/(-8). Is k - (-5 + (-2)/(-5)*5) a prime number?
True
Let l be (-39)/(-9) + (-2 - 40/(-24)). Suppose -7*f - 11615 = -5*k - 2*f, l*k - 3*f = 9290. Is k a prime number?
False
Let l be ((-3)/(-9)*0)/(-41 - -43). Is (14170 - l/(-4)) + (7 - 4) composite?
False
Let r be 4 - (-7)/((-7)/2). Suppose -r*y + 5*t = -6*y + 16, -2*y - 4*t + 8 = 0. Suppose g - 352 = -2*z, y*g - 8*g + 1438 = -2*z. Is g a prime number?
False
Suppose -5*q + 4*j + 7802 = 0, -q - 4*q = -2*j - 7806. Suppose 4*c - 2936 = 2*k - 1092, -3*c + 3*k + 1380 = 0. Suppose 8*z - c = q. Is z composite?
True
Let s(a) = -27*a - 5. Suppose 0 = 3*w - 15 - 9. Let v be s(w). Let b = v - -732. Is b prime?
False
Suppose -29389 = 2*b - 3*o - 2040, 0 = 4*b + o + 54733. Is b/(-5)*270/108 prime?
True
Let j(g) = 420*g - 32. Let d be (-10)/(-3)*-3 + 0. Let b be j(d). Is (-12)/20 + b/(-20) composite?
False
Let s = -467710 + 734427. Is s prime?
False
Suppose 46*y = 39*y. Suppose 11*b - 10*b + 2*i - 1365 = y, 0 = -b + 4*i + 1353. Is b composite?
False
Let a = -212763 + 537400. Is a a composite number?
False
Let h(s) be the second derivative of 23*s**5/20 + 5*s**4/12 - s**3/3 - s**2/2 - 2*s. Let x(n) = -2*n**3 - 55*n**2 - 76*n + 56. Let t be x(-26). Is h(t) prime?
True
Suppose -12304693 = -216*q + 8453051 - 7536168. Is q a composite number?
False
Suppose 8*o - 2*o = 132. Suppose 0 = 26*x - o*x + 1628. Let m = -201 - x. Is m a prime number?
False
Let p(q) = -2*q**2 + 8*q + 2. Let s be p(4). Let t be 12/9*(s/(-2) - -4). Suppose 0 = -3*b + m + 985 + 352, -t*m = 4*b - 1772. Is b a composite number?
True
Suppose -2*g - 7*g = 45. Let p(v) = -223*v - 66. Is p(g) a composite number?
False
Suppose -3*z + 11*z - 1499835 = 1830893. Is z prime?
False
Let i(h) = -31*h - 39*h - 38*h + 32 + 101*h. Is i(-3) prime?
True
Let i(d) = 196*d**2 + 8*d - 135. Is i(-7) a composite number?
False
Suppose 9*b + 13 = 31. Suppose 5*j - 4*w - 14350 = 0, -2*j + b*w = 6*w - 5712. Is j a composite number?
True
Let q(n) = n**3 + 28*n**2 - 9*n - 67. Is q(12) composite?
True
Suppose -5*u + 2085 = -3*j + 8963, 20 = 4*u. Let f = 6384 - j. Is f a composite number?
True
Let r(v) = 1577*v**2 + 4*v - 13. Let d(q) = 788*q**2 + q - 6. Let a(i) = 5*d(i) - 2*r(i). Is a(-1) a composite number?
True
Let f(v) = 4*v**3 + 47*v**2 - 13*v - 9. Let w be f(-12). Is 226/w*(1425/10 + -9) composite?
True
Let v be -2*(7/(-21) + (-38)/12). Let u(h) = 1 + 37*h + 99*h + 5 + 9. Is u(v) a prime number?
True
Let l(h) = 243*h + 22*h**2 - h**3 + 16 + 7 - 253*h. Is l(16) prime?
True
Let u(d) = 11561*d - 647. Is u(24) a composite number?
False
Suppose -1691361 + 3941356 = 75*p - 13751180. Is p composite?
False
Let v(a) = a**3 + 18*a**2 + 17*a - 11. Let q be v(-17). Is (q + 7)*(-1 - (-12765)/(-12)) a composite number?
False
Let i(c) = -7161*c + 75. Let z be i(-35). Suppose 17*q + z = 47*q. Is q prime?
False
Let h = 119 - 104. Let o(k) = -89*k - 26. Let j(n) = 88*n + 25. Let m(v) = 7*j(v) + 6*o(v). Is m(h) a composite number?
False
Suppose -10*f + 14*f + 2*v - 20 = 0, -v = -f + 5. Suppose 2*p - f*t = 4432, -3*t - 4436 = p - 3*p. Is p prime?
True
Is 54/36 - (0 - (-74375)/(-2)) a prime number?
True
Let q(y) = y**2 - 3*y + 7. Let k be q(5). Suppose -22*t + 8260 = -k*t. Suppose -6*x + 2*x = -t. Is x composite?
True
Let d be -2 - ((-24)/20)/(1/5). Suppose -4930 = -3*v + d*a + a, -4*v = 5*a - 6585. Suppose -y = 3*n - 4968, -v = 2*n - 3*n - 4*y. Is n a composite number?
False
Let t(s) = -181*s**3 + 3*s**2 + 11*s - 37. Let r be t(6). Let v = 55122 + r. Is v prime?
False
Is 97177233/2572*1/(3/44) prime?
False
Suppose 0 = -4*f - 2*t + 5*t - 49, -f + 2*t - 6 = 0. Let s be (15 + f)/((-1)/(-3)). Is 1835*-1*2*s/6 a composite number?
True
Let g(d) = 2*d**2 - d. Let s be g(-1). Is 845 - (s + -1)/((-12)/(-24)) a composite number?
True
Let c be 14/(-3)*(-504)/98. Suppose 29*a + 25 = c*a. Is ((-18)/a)/6*295 a prime number?
False
Let c be 0 - -6 - (11 + -1 - 7). Suppose 0 = 3*d + r - 4625, -c*d + 7719 = 2*d - r. Is d composite?
False
Let x(t) = 2*t**3 - 38*t**2 - t + 24. Let k be x(19). Suppose 0 = 3*o - o - 5*z - 523, -4*o + k*z + 1041 = 0. Is o a prime number?
False
Let l(v) = 12089*v - 36. Let p be l(-6). Is -10*(p/44 + 32/(-176)) a composite number?
True
Let y(o) = 1036*o**2 + 92*o - 11. Is y(-6) composite?
True
Let y be 133 - -8*1/(-2). Suppose y = -4*p + 493. Suppose -94*q = -p*q - 3009. Is q a prime number?
False
Suppose 93339 = 41*i - 32*i. Suppose -i = -6*f + 6807. Is f composit